{"id":203,"date":"2021-12-17T16:46:02","date_gmt":"2021-12-17T16:46:02","guid":{"rendered":"https:\/\/startersites.io\/blocksy\/garderobe\/?page_id=203"},"modified":"2026-01-28T22:06:45","modified_gmt":"2026-01-29T03:06:45","slug":"about-us","status":"publish","type":"page","link":"https:\/\/nuevadollhouse.shop\/index.php\/about-us\/","title":{"rendered":"Acerca de Nosotros"},"content":{"rendered":"\n<div class=\"wp-block-stackable-columns stk-block-columns stk-block stk-626ebfe\" data-block-id=\"626ebfe\"><style>.stk-626ebfe {margin-bottom:0px !important;}.stk-626ebfe > .stk-separator__bottom svg{fill:#ecebd2 !important;}<\/style><div class=\"stk-row stk-inner-blocks stk-block-content stk-content-align stk-626ebfe-column\">\n<div class=\"wp-block-stackable-column stk-block-column stk-column stk-block stk-ce7a188\" data-v=\"4\" data-block-id=\"ce7a188\"><style>.stk-ce7a188-container{margin-top:0px !important;margin-right:0px !important;margin-bottom:0px !important;margin-left:0px !important;}<\/style><div class=\"stk-column-wrapper stk-block-column__content stk-container stk-ce7a188-container stk--no-background stk--no-padding\"><div class=\"has-text-align-center stk-block-content stk-inner-blocks stk-ce7a188-inner-blocks\">\n\n\n\n<div class=\"wp-block-stackable-heading stk-block-heading stk-block-heading--v2 stk-block stk-83aa64e\" id=\"acerca-de-nosotros\" data-block-id=\"83aa64e\"><style>.stk-83aa64e {margin-top:15px !important;margin-bottom:0px !important;}<\/style><h2 class=\"stk-block-heading__text has-text-align-center\">Acerca de Nosotros<\/h2><\/div>\n\n\n\n<p><\/p>\n<\/div><\/div><\/div>\n<\/div><\/div>\n\n\n\n<div class=\"wp-block-stackable-spacer stk-block-spacer stk--no-padding stk-block stk-3e9008a\" data-block-id=\"3e9008a\"><style>.stk-3e9008a {height:50px !important;}@media screen and (max-width:999px){.stk-3e9008a {height:30px !important;}}<\/style><\/div>\n\n\n\n<div class=\"wp-block-stackable-columns stk-block-columns stk-block stk-b2ae33e\" data-block-id=\"b2ae33e\"><style>.stk-b2ae33e {overflow:visible !important;}.stk-b2ae33e .stk-container{overflow:visible !important;}<\/style><div class=\"stk-row stk-inner-blocks stk-block-content stk-content-align stk-b2ae33e-column\">\n<div class=\"wp-block-stackable-column stk-block-column stk-column stk-block stk-2c7ce1b\" data-v=\"4\" data-block-id=\"2c7ce1b\"><style>@media screen and (min-width:690px){.stk-2c7ce1b {flex:var(--stk-flex-grow, 1) 1 calc(43% - var(--stk-column-gap, 0px) * 1 \/ 2 ) !important;}}@media screen and (min-width:690px) and (max-width:999px){.stk-2c7ce1b {flex:var(--stk-flex-grow, 1) 1 calc(100% - var(--stk-column-gap, 0px) * 0 \/ 1 ) !important;}}@media screen and (max-width:689px){.stk-2c7ce1b {padding-top:57px !important;}}<\/style><div class=\"stk-column-wrapper stk-block-column__content stk-container stk-2c7ce1b-container stk--no-background stk--no-padding\"><div class=\"stk-block-content stk-inner-blocks stk-2c7ce1b-inner-blocks\">\n<div class=\"wp-block-stackable-image stk-block-image stk-block stk-2ef1bf9\" data-block-id=\"2ef1bf9\"><style>@media screen and (max-width:999px){.stk-2ef1bf9 .stk-img-wrapper{height:500px !important;}}<\/style><figure><span class=\"stk-img-wrapper stk-image--shape-stretch\"><img loading=\"lazy\" decoding=\"async\" class=\"stk-img wp-image-641\" src=\"https:\/\/nuevadollhouse.shop\/wp-content\/uploads\/2025\/05\/495026911_18125428699439611_5303367713681825472_n.jpg\" width=\"640\" height=\"800\" srcset=\"https:\/\/nuevadollhouse.shop\/wp-content\/uploads\/2025\/05\/495026911_18125428699439611_5303367713681825472_n.jpg 640w, https:\/\/nuevadollhouse.shop\/wp-content\/uploads\/2025\/05\/495026911_18125428699439611_5303367713681825472_n-240x300.jpg 240w, https:\/\/nuevadollhouse.shop\/wp-content\/uploads\/2025\/05\/495026911_18125428699439611_5303367713681825472_n-300x375.jpg 300w, https:\/\/nuevadollhouse.shop\/wp-content\/uploads\/2025\/05\/495026911_18125428699439611_5303367713681825472_n-600x750.jpg 600w\" sizes=\"auto, (max-width: 640px) 100vw, 640px\" \/><\/span><\/figure><\/div>\n<\/div><\/div><\/div>\n\n\n\n<div class=\"wp-block-stackable-column stk-block-column stk-column stk-block stk-a715aa5\" data-v=\"4\" data-block-id=\"a715aa5\"><style>@media screen and (min-width:690px){.stk-a715aa5 {flex:var(--stk-flex-grow, 1) 1 calc(57% - var(--stk-column-gap, 0px) * 1 \/ 2 ) !important;}}@media screen and (min-width:690px) and (max-width:999px){.stk-a715aa5 {flex:var(--stk-flex-grow, 1) 1 calc(100% - var(--stk-column-gap, 0px) * 0 \/ 1 ) !important;}}@media screen and (max-width:999px){.stk-a715aa5 {padding-top:0px !important;}}<\/style><div class=\"stk-column-wrapper stk-block-column__content stk-container stk-a715aa5-container stk--no-background stk--no-padding\"><div class=\"stk-block-content stk-inner-blocks stk-a715aa5-inner-blocks\">\n<div class=\"wp-block-stackable-heading stk-block-heading stk-block-heading--v2 stk-block stk-290f15a\" id=\"s\" data-block-id=\"290f15a\"><style>.stk-290f15a {margin-bottom:40px !important;}.stk-290f15a .stk-block-heading__text{color:#515151 !important;}@media screen and (max-width:999px){.stk-290f15a {margin-bottom:30px !important;}.stk-290f15a .stk-block-heading__text{font-size:30px !important;}}<\/style><h2 class=\"stk-block-heading__text has-text-color has-palette-color-8-color stk-block-heading--use-theme-margins\">Colecci\u00f3n de prendas<\/h2><\/div>\n\n\n\n<div class=\"wp-block-stackable-columns stk-block-columns stk-block stk-97bf972\" data-block-id=\"97bf972\"><style>.stk-97bf972-column{--stk-column-gap:50px !important;row-gap:50px !important;}<\/style><div class=\"stk-row stk-inner-blocks stk-block-content stk-content-align stk-97bf972-column\">\n<div class=\"wp-block-stackable-column stk-block-column stk-column stk-block stk-77f1576\" data-v=\"4\" data-block-id=\"77f1576\"><style>.stk-77f1576-container{margin-top:0px !important;margin-right:0px !important;margin-bottom:0px !important;margin-left:0px !important;}<\/style><div class=\"stk-column-wrapper stk-block-column__content stk-container stk-77f1576-container stk--no-background stk--no-padding\"><div class=\"stk-block-content stk-inner-blocks stk-77f1576-inner-blocks\">\n<div class=\"wp-block-stackable-text stk-block-text stk-block stk-721b0ac\" data-block-id=\"721b0ac\"><style>.stk-721b0ac .stk-block-text__text{color:#515151 !important;}<\/style><p class=\"stk-block-text__text has-text-color has-palette-color-8-color\">Nuestra tienda de ropa es un espacio moderno y acogedor dedicado a ofrecer prendas de vestir de alta calidad para personas que buscan estilo, comodidad y autenticidad. Contamos con una cuidada selecci\u00f3n de ropa casual, formal y de temporada, pensada para adaptarse a todos los gustos y necesidades.<\/p><\/div>\n\n\n\n<p> Cada prenda refleja las \u00faltimas tendencias de la moda, sin perder de vista la funcionalidad y el confort.<\/p>\n<\/div><\/div><\/div>\n\n\n\n<div class=\"wp-block-stackable-column stk-block-column stk-column stk-block stk-0248535\" data-v=\"4\" data-block-id=\"0248535\"><style>.stk-0248535-container{margin-top:0px !important;margin-right:0px !important;margin-bottom:0px !important;margin-left:0px !important;}<\/style><div class=\"stk-column-wrapper stk-block-column__content stk-container stk-0248535-container stk--no-background stk--no-padding\"><div class=\"stk-block-content stk-inner-blocks stk-0248535-inner-blocks\">\n<div class=\"wp-block-stackable-text stk-block-text stk-block stk-a8b862a\" data-block-id=\"a8b862a\"><style>.stk-a8b862a .stk-block-text__text{color:#515151 !important;}<\/style><p class=\"stk-block-text__text has-text-color has-palette-color-8-color\">Nos esforzamos por brindar una experiencia de compra personalizada, con un equipo amable y capacitado que asesora a cada cliente para que encuentre su look ideal.<\/p><\/div>\n<\/div><\/div><\/div>\n<\/div><\/div>\n<\/div><\/div><\/div>\n<\/div><\/div>\n\n\n\n<div class=\"wp-block-stackable-columns stk-block-columns stk-block stk-f1cc2a1\" data-block-id=\"f1cc2a1\"><style>.stk-f1cc2a1 {margin-bottom:0px !important;}@media screen and (max-width:999px){.stk-f1cc2a1-column{row-gap:50px !important;}}<\/style><div class=\"stk-row stk-inner-blocks stk-block-content stk-content-align stk-f1cc2a1-column\">\n<div class=\"wp-block-stackable-column stk-block-column stk-column stk-block stk-24b379b\" data-v=\"4\" data-block-id=\"24b379b\"><style>@media screen and (min-width:690px){.stk-24b379b {flex:var(--stk-flex-grow, 1) 1 calc(55% - var(--stk-column-gap, 0px) * 1 \/ 2 ) !important;}}@media screen and (min-width:690px) and (max-width:999px){.stk-24b379b {flex:var(--stk-flex-grow, 1) 1 calc(100% - var(--stk-column-gap, 0px) * 0 \/ 1 ) !important;}}<\/style><div class=\"stk-column-wrapper stk-block-column__content stk-container stk-24b379b-container stk--no-background stk--no-padding\"><div class=\"stk-block-content stk-inner-blocks stk-24b379b-inner-blocks\">\n<div class=\"wp-block-stackable-image stk-block-image stk-block stk-ed03e13\" data-block-id=\"ed03e13\"><style>.stk-ed03e13 .stk-img-wrapper{width:70% !important;}@media screen and (max-width:999px){.stk-ed03e13 .stk-img-wrapper{height:600px !important;}.stk-ed03e13 .stk-img-wrapper img{object-position:48% 11% !important;}}<\/style><figure><span class=\"stk-img-wrapper stk-image--shape-stretch\"><img loading=\"lazy\" decoding=\"async\" class=\"stk-img wp-image-646\" src=\"https:\/\/nuevadollhouse.shop\/wp-content\/uploads\/2025\/05\/494409975_18124976536439611_4713066470183228160_n.jpg\" width=\"1440\" height=\"1800\" srcset=\"https:\/\/nuevadollhouse.shop\/wp-content\/uploads\/2025\/05\/494409975_18124976536439611_4713066470183228160_n.jpg 1440w, https:\/\/nuevadollhouse.shop\/wp-content\/uploads\/2025\/05\/494409975_18124976536439611_4713066470183228160_n-240x300.jpg 240w, https:\/\/nuevadollhouse.shop\/wp-content\/uploads\/2025\/05\/494409975_18124976536439611_4713066470183228160_n-819x1024.jpg 819w, https:\/\/nuevadollhouse.shop\/wp-content\/uploads\/2025\/05\/494409975_18124976536439611_4713066470183228160_n-768x960.jpg 768w, https:\/\/nuevadollhouse.shop\/wp-content\/uploads\/2025\/05\/494409975_18124976536439611_4713066470183228160_n-1229x1536.jpg 1229w, https:\/\/nuevadollhouse.shop\/wp-content\/uploads\/2025\/05\/494409975_18124976536439611_4713066470183228160_n-300x375.jpg 300w, https:\/\/nuevadollhouse.shop\/wp-content\/uploads\/2025\/05\/494409975_18124976536439611_4713066470183228160_n-600x750.jpg 600w\" sizes=\"auto, (max-width: 1440px) 100vw, 1440px\" \/><\/span><\/figure><\/div>\n<\/div><\/div><\/div>\n\n\n\n<div class=\"wp-block-stackable-column stk-block-column stk-column stk-block stk-3a8e11f\" data-v=\"4\" data-block-id=\"3a8e11f\"><style>.stk-3a8e11f-container{margin-top:0px !important;margin-right:0px !important;margin-bottom:0px !important;margin-left:0px !important;}@media screen and (min-width:690px){.stk-3a8e11f {flex:var(--stk-flex-grow, 1) 1 calc(45% - var(--stk-column-gap, 0px) * 1 \/ 2 ) !important;}}@media screen and (min-width:690px) and (max-width:999px){.stk-3a8e11f {flex:var(--stk-flex-grow, 1) 1 calc(100% - var(--stk-column-gap, 0px) * 0 \/ 1 ) !important;}}@media screen and (max-width:999px){.stk-3a8e11f {padding-top:70px !important;padding-right:70px !important;padding-bottom:70px !important;padding-left:70px !important;margin-left:0px !important;}}<\/style><div class=\"stk-column-wrapper stk-block-column__content stk-container stk-3a8e11f-container stk--no-background stk--no-padding\"><div class=\"stk-block-content stk-inner-blocks stk-3a8e11f-inner-blocks\">\n<div class=\"wp-block-stackable-heading stk-block-heading stk-block-heading--v2 stk-block stk-4e97e66\" id=\"testimonios\" data-block-id=\"4e97e66\"><style>.stk-4e97e66 .stk-block-heading__text{color:#515151 !important;}@media screen and (max-width:999px){.stk-4e97e66 {margin-bottom:30px !important;}.stk-4e97e66 .stk-block-heading__text{font-size:30px !important;}}@media screen and (max-width:689px){.stk-4e97e66 .stk-block-heading__text{font-size:var(--stk--preset--font-size--large, 30px) !important;}}<\/style><h2 class=\"stk-block-heading__text has-text-color has-palette-color-8-color has-text-align-center-tablet\">Testimonios<\/h2><\/div>\n\n\n\n<div class=\"wp-block-stackable-text stk-block-text stk-block stk-07f98a0\" data-block-id=\"07f98a0\"><style>.stk-07f98a0 {margin-bottom:0px !important;opacity:0.8 !important;}.stk-07f98a0 .stk-block-text__text{color:#515151 !important;}<\/style><p class=\"stk-block-text__text has-text-color has-palette-color-8-color has-text-align-center-tablet\">Una muy buena boutique todo muy limpio y la ropa divina s\u00faper recomendable me encant\u00f3 c\u00f3mo me atendieron tanto en redes sociales c\u00f3mo en la tienda f\u00edsica<\/p><\/div>\n\n\n\n<div class=\"wp-block-stackable-columns stk-block-columns stk-block stk-d0df7cc\" data-block-id=\"d0df7cc\"><style>.stk-d0df7cc .stk--block-align-d0df7cc{align-items:center !important;}.stk-d0df7cc-column{--stk-column-gap:10px !important;}@media screen and (max-width:999px){.stk-d0df7cc-column{row-gap:10px !important;}}<\/style><div class=\"stk-row stk-inner-blocks stk--block-align-d0df7cc stk-block-content stk-content-align stk-d0df7cc-column\">\n<div class=\"wp-block-stackable-column stk-block-column stk-column stk-block stk-2f753c1\" data-v=\"4\" data-block-id=\"2f753c1\"><style>.stk-2f753c1-container{margin-top:0px !important;margin-right:0px !important;margin-bottom:0px !important;margin-left:0px !important;}@media screen and (min-width:690px){.stk-2f753c1 {flex:var(--stk-flex-grow, 1) 1 calc(15% - var(--stk-column-gap, 0px) * 1 \/ 2 ) !important;}}@media screen and (min-width:690px) and (max-width:999px){.stk-2f753c1 {flex:var(--stk-flex-grow, 1) 1 calc(100% - var(--stk-column-gap, 0px) * 0 \/ 1 ) !important;}}<\/style><div class=\"stk-column-wrapper stk-block-column__content stk-container stk-2f753c1-container stk--no-background stk--no-padding\"><div class=\"stk-block-content stk-inner-blocks stk-2f753c1-inner-blocks\">\n<div class=\"wp-block-stackable-image stk-block-image stk-block stk-ebe69f6\" data-block-id=\"ebe69f6\"><style>.stk-ebe69f6 .stk-img-wrapper{width:60px !important;}<\/style><figure><span class=\"stk-img-wrapper stk-image--shape-stretch\"><img loading=\"lazy\" decoding=\"async\" class=\"stk-img wp-image-644\" src=\"https:\/\/nuevadollhouse.shop\/wp-content\/uploads\/2025\/05\/unnamed.png\" width=\"72\" height=\"72\"\/><\/span><\/figure><\/div>\n<\/div><\/div><\/div>\n\n\n\n<div class=\"wp-block-stackable-column stk-block-column stk-column stk-block stk-3a888ca\" data-v=\"4\" data-block-id=\"3a888ca\"><style>.stk-3a888ca-container{margin-top:0px !important;margin-right:0px !important;margin-bottom:0px !important;margin-left:0px !important;}@media screen and (min-width:690px){.stk-3a888ca {flex:var(--stk-flex-grow, 1) 1 calc(85% - var(--stk-column-gap, 0px) * 1 \/ 2 ) !important;}}@media screen and (min-width:690px) and (max-width:999px){.stk-3a888ca {flex:var(--stk-flex-grow, 1) 1 calc(100% - var(--stk-column-gap, 0px) * 0 \/ 1 ) !important;}}<\/style><div class=\"stk-column-wrapper stk-block-column__content stk-container stk-3a888ca-container stk--no-background stk--no-padding\"><div class=\"stk-block-content stk-inner-blocks stk-3a888ca-inner-blocks\">\n<div class=\"wp-block-stackable-text stk-block-text stk-block stk-d122745\" data-block-id=\"d122745\"><style>.stk-d122745 .stk-block-text__text{font-size:20px !important;color:#515151 !important;font-weight:700 !important;}@media screen and (max-width:999px){.stk-d122745 .stk-block-text__text{font-size:20px !important;}}@media screen and (max-width:689px){.stk-d122745 .stk-block-text__text{font-size:var(--stk--preset--font-size--medium, 20px) !important;}}<\/style><p class=\"stk-block-text__text has-text-color has-palette-color-1-color has-text-align-center-tablet\">Sofia Cubaque Alzate<\/p><\/div>\n<\/div><\/div><\/div>\n<\/div><\/div>\n\n\n\n<div class=\"wp-block-stackable-columns stk-block-columns stk-block stk-fcbc030\" data-block-id=\"fcbc030\"><div class=\"stk-row stk-inner-blocks stk-block-content stk-content-align stk-fcbc030-column\">\n<div class=\"wp-block-stackable-column stk-block-column stk-column stk-block stk-2077155\" data-v=\"4\" data-block-id=\"2077155\"><div class=\"stk-column-wrapper stk-block-column__content stk-container stk-2077155-container stk--no-background stk--no-padding\"><div class=\"stk-block-content stk-inner-blocks stk-2077155-inner-blocks\"><\/div><\/div><\/div>\n<\/div><\/div>\n\n\n\n<div class=\"wp-block-stackable-text stk-block-text stk-block stk-30aa6f1\" data-block-id=\"30aa6f1\"><style>.stk-30aa6f1 {margin-bottom:0px !important;opacity:0.8 !important;}.stk-30aa6f1 .stk-block-text__text{color:var(--theme-palette-color-4, #131117) !important;}<\/style><p class=\"stk-block-text__text has-text-color has-palette-color-8-color has-text-align-center-tablet\">Prendas muy hermosas \ud83d\ude0d mi boutique favorita<\/p><\/div>\n\n\n\n<div class=\"wp-block-stackable-columns stk-block-columns stk-block stk-d9fcd04\" data-block-id=\"d9fcd04\"><style>.stk-d9fcd04 .stk--block-align-d9fcd04{align-items:center !important;}.stk-d9fcd04-column{--stk-column-gap:10px !important;}@media screen and (max-width:999px){.stk-d9fcd04-column{row-gap:10px !important;}}<\/style><div class=\"stk-row stk-inner-blocks stk--block-align-d9fcd04 stk-block-content stk-content-align stk-d9fcd04-column\">\n<div class=\"wp-block-stackable-column stk-block-column stk-column stk-block stk-66bea33\" data-v=\"4\" data-block-id=\"66bea33\"><style>.stk-66bea33-container{margin-top:0px !important;margin-right:0px !important;margin-bottom:0px !important;margin-left:0px !important;}@media screen and (min-width:690px){.stk-66bea33 {flex:var(--stk-flex-grow, 1) 1 calc(15% - var(--stk-column-gap, 0px) * 1 \/ 2 ) !important;}}@media screen and (min-width:690px) and (max-width:999px){.stk-66bea33 {flex:var(--stk-flex-grow, 1) 1 calc(100% - var(--stk-column-gap, 0px) * 0 \/ 1 ) !important;}}<\/style><div class=\"stk-column-wrapper stk-block-column__content stk-container stk-66bea33-container stk--no-background stk--no-padding\"><div class=\"stk-block-content stk-inner-blocks stk-66bea33-inner-blocks\">\n<div class=\"wp-block-stackable-image stk-block-image stk-block stk-ca05bb8\" data-block-id=\"ca05bb8\"><style>.stk-ca05bb8 .stk-img-wrapper{width:60px !important;}<\/style><figure><span class=\"stk-img-wrapper stk-image--shape-stretch\"><img loading=\"lazy\" decoding=\"async\" class=\"stk-img wp-image-645\" src=\"https:\/\/nuevadollhouse.shop\/wp-content\/uploads\/2025\/05\/unnamed-1.png\" width=\"72\" height=\"72\"\/><\/span><\/figure><\/div>\n<\/div><\/div><\/div>\n\n\n\n<div class=\"wp-block-stackable-column stk-block-column stk-column stk-block stk-a980da2\" data-v=\"4\" data-block-id=\"a980da2\"><style>.stk-a980da2-container{margin-top:0px !important;margin-right:0px !important;margin-bottom:0px !important;margin-left:0px !important;}@media screen and (min-width:690px){.stk-a980da2 {flex:var(--stk-flex-grow, 1) 1 calc(85% - var(--stk-column-gap, 0px) * 1 \/ 2 ) !important;}}@media screen and (min-width:690px) and (max-width:999px){.stk-a980da2 {flex:var(--stk-flex-grow, 1) 1 calc(100% - var(--stk-column-gap, 0px) * 0 \/ 1 ) !important;}}<\/style><div class=\"stk-column-wrapper stk-block-column__content stk-container stk-a980da2-container stk--no-background stk--no-padding\"><div class=\"stk-block-content stk-inner-blocks stk-a980da2-inner-blocks\">\n<div class=\"wp-block-stackable-text stk-block-text stk-block stk-1680192\" data-block-id=\"1680192\"><style>.stk-1680192 .stk-block-text__text{font-size:20px !important;color:#515151 !important;font-weight:700 !important;}@media screen and (max-width:999px){.stk-1680192 .stk-block-text__text{font-size:20px !important;}}@media screen and (max-width:689px){.stk-1680192 .stk-block-text__text{font-size:var(--stk--preset--font-size--medium, 20px) !important;}}<\/style><p class=\"stk-block-text__text has-text-color has-palette-color-1-color has-text-align-center-tablet\">Virgleith Guadarlin Zambrano Jordan<\/p><\/div>\n<\/div><\/div><\/div>\n<\/div><\/div>\n<\/div><\/div><\/div>\n<\/div><\/div>\n\n\n\n<div class=\"wp-block-stackable-spacer stk-block-spacer stk--no-padding stk-block stk-b759776\" data-block-id=\"b759776\"><style>.stk-b759776 {height:100px !important;}@media screen and (max-width:999px){.stk-b759776 {height:100px !important;}}<\/style><\/div>\n\n\n\n<p><\/p>\n","protected":false},"excerpt":{"rendered":"<p>Acerca de Nosotros Colecci\u00f3n de prendas Nuestra tienda de ropa es un espacio moderno y acogedor dedicado a ofrecer prendas de vestir de alta calidad para personas que buscan estilo, comodidad y autenticidad. Contamos con una cuidada selecci\u00f3n de ropa casual, formal y de temporada, pensada para adaptarse a todos los gustos y necesidades. Cada [&hellip;]<\/p>\n","protected":false},"author":1,"featured_media":0,"parent":0,"menu_order":0,"comment_status":"closed","ping_status":"closed","template":"","meta":{"footnotes":""},"class_list":["post-203","page","type-page","status-publish","hentry"],"blocksy_meta":{"styles_descriptor":{"styles":{"desktop":"","tablet":"","mobile":""},"google_fonts":[],"version":6},"page_title_panel":"","has_hero_section":"disabled","cae18c3de7bedc5b6f53f33572e01345":"","hero_section":"type-1","hero_elements":[{"id":"custom_title","enabled":true,"heading_tag":"h1","title":"Home"},{"id":"custom_description","enabled":true,"description_visibility":{"desktop":true,"tablet":true,"mobile":false}},{"id":"custom_meta","enabled":false,"meta_elements":[{"id":"author","enabled":true,"label":"By","has_author_avatar":"yes","avatar_size":25},{"id":"post_date","enabled":true,"label":"On","date_format_source":"default","date_format":"M j, Y"},{"id":"updated_date","enabled":false,"label":"On","date_format_source":"default","date_format":"M j, Y"},{"id":"categories","enabled":false,"label":"In","style":"simple"},{"id":"comments","enabled":true}],"page_meta_elements":{"joined":true,"articles_count":true,"comments":true}},{"id":"breadcrumbs","enabled":false}],"36e4f14ca74f76b48dbacffcd0ea6f6d":"","hero_alignment1":"CT_CSS_SKIP_RULE","hero_margin":40,"hero_alignment2":"center","hero_vertical_alignment":"center","824d71bcf27c0666174c1f297f46a76c":"","hero_structure":"narrow","25a426c6e3c98f1883c681c2edab9ce7":"","page_title_bg_type":"featured_image","custom_hero_background":{"attachment_id":null},"parallax":{"desktop":false,"tablet":false,"mobile":false},"76980b1f4241e0ba1115be40644c3e4a":"","hero_height":"250px","pageTitleFont":{"family":"Default","variation":"Default","size":"30px","line-height":"CT_CSS_SKIP_RULE","letter-spacing":"CT_CSS_SKIP_RULE","text-transform":"CT_CSS_SKIP_RULE","text-decoration":"CT_CSS_SKIP_RULE"},"pageTitleFontColor":{"default":{"color":"CT_CSS_SKIP_RULEDEFAULT"}},"pageMetaFont":{"family":"Default","variation":"n6","size":"12px","line-height":"1.3","letter-spacing":"CT_CSS_SKIP_RULE","text-transform":"uppercase","text-decoration":"CT_CSS_SKIP_RULE"},"pageMetaFontColor":{"default":{"color":"CT_CSS_SKIP_RULEDEFAULT"},"hover":{"color":"CT_CSS_SKIP_RULEDEFAULT"}},"page_meta_button_type_font_colors":{"default":{"color":"CT_CSS_SKIP_RULEDEFAULT"},"hover":{"color":"CT_CSS_SKIP_RULEDEFAULT"}},"page_meta_button_type_background_colors":{"default":{"color":"CT_CSS_SKIP_RULEDEFAULT"},"hover":{"color":"CT_CSS_SKIP_RULEDEFAULT"}},"pageExcerptFont":{"family":"Default","variation":"Default","size":"CT_CSS_SKIP_RULE","line-height":"CT_CSS_SKIP_RULE","letter-spacing":"CT_CSS_SKIP_RULE","text-transform":"CT_CSS_SKIP_RULE","text-decoration":"CT_CSS_SKIP_RULE"},"pageExcerptColor":{"default":{"color":"CT_CSS_SKIP_RULEDEFAULT"}},"breadcrumbsFont":{"family":"Default","variation":"Default","size":"CT_CSS_SKIP_RULE","line-height":"CT_CSS_SKIP_RULE","letter-spacing":"CT_CSS_SKIP_RULE","text-transform":"CT_CSS_SKIP_RULE","text-decoration":"CT_CSS_SKIP_RULE"},"breadcrumbsFontColor":{"default":{"color":"CT_CSS_SKIP_RULEDEFAULT"},"initial":{"color":"CT_CSS_SKIP_RULEDEFAULT"},"hover":{"color":"CT_CSS_SKIP_RULEDEFAULT"}},"pageTitleOverlay":{"background_type":"color","background_pattern":"type-1","background_image":{"attachment_id":null,"x":0,"y":0},"gradient":"linear-gradient(135deg,rgba(6,147,227,1) 0%,rgb(155,81,224) 100%)","background_repeat":"repeat","background_size":"auto","background_attachment":"scroll","patternColor":{"default":{"color":"#e5e7ea"}},"overlayColor":{"default":{"color":"CT_CSS_SKIP_RULE"}},"backgroundColor":{"default":{"color":"CT_CSS_SKIP_RULE"}}},"pageTitleBackground":{"background_type":"color","background_pattern":"type-1","background_image":{"attachment_id":null,"x":0,"y":0},"gradient":"linear-gradient(135deg,rgba(6,147,227,1) 0%,rgb(155,81,224) 100%)","background_repeat":"repeat","background_size":"auto","background_attachment":"scroll","patternColor":{"default":{"color":"#e5e7ea"}},"overlayColor":{"default":{"color":"CT_CSS_SKIP_RULE"}},"backgroundColor":{"default":{"color":"var(--theme-palette-color-6)"}}},"pageTitlePadding":{"top":"50px","bottom":"50px","left":"auto","right":"auto","linked":true},"727838cdb0b1b4a50b61a179627d1773":"","page_structure_type":"default","bf2280b6f99e95fe8df362e1d9c4e945":"","content_style_source":"inherit","content_style":"wide","vertical_spacing_source":"custom","content_area_spacing":"none","background":{"background_type":"color","background_pattern":"type-1","background_image":{"attachment_id":null,"x":0,"y":0},"gradient":"linear-gradient(135deg,rgba(6,147,227,1) 0%,rgb(155,81,224) 100%)","background_repeat":"repeat","background_size":"auto","background_attachment":"scroll","patternColor":{"default":{"color":"#e5e7ea"}},"overlayColor":{"default":{"color":"CT_CSS_SKIP_RULE"}},"backgroundColor":{"default":{"color":"CT_CSS_SKIP_RULE"}}},"content_background":{"background_type":"color","background_pattern":"type-1","background_image":{"attachment_id":null,"x":0,"y":0},"gradient":"linear-gradient(135deg,rgba(6,147,227,1) 0%,rgb(155,81,224) 100%)","background_repeat":"repeat","background_size":"auto","background_attachment":"scroll","patternColor":{"default":{"color":"#e5e7ea"}},"overlayColor":{"default":{"color":"CT_CSS_SKIP_RULE"}},"backgroundColor":{"default":{"color":"var(--theme-palette-color-8)"}}},"content_boxed_shadow":{"inherit":false,"blur":18,"spread":-6,"v_offset":12,"h_offset":0,"inset":false,"enable":true,"color":{"color":"rgba(34, 56, 101, 0.04)"}},"boxed_content_spacing":{"desktop":{"top":"40px","bottom":"40px","left":"40px","right":"40px","linked":true},"tablet":{"top":"35px","bottom":"35px","left":"35px","right":"35px","linked":true},"mobile":{"top":"20px","bottom":"20px","left":"20px","right":"20px","linked":true}},"content_boxed_radius":{"top":"3px","bottom":"3px","left":"3px","right":"3px","linked":true},"203928799f3efe87295f481e9e43b493":"","disable_featured_image":"no","disable_share_box":"no","disable_header":"no","disable_footer":"no"},"_links":{"self":[{"href":"https:\/\/nuevadollhouse.shop\/index.php\/wp-json\/wp\/v2\/pages\/203","targetHints":{"allow":["GET"]}}],"collection":[{"href":"https:\/\/nuevadollhouse.shop\/index.php\/wp-json\/wp\/v2\/pages"}],"about":[{"href":"https:\/\/nuevadollhouse.shop\/index.php\/wp-json\/wp\/v2\/types\/page"}],"author":[{"embeddable":true,"href":"https:\/\/nuevadollhouse.shop\/index.php\/wp-json\/wp\/v2\/users\/1"}],"replies":[{"embeddable":true,"href":"https:\/\/nuevadollhouse.shop\/index.php\/wp-json\/wp\/v2\/comments?post=203"}],"version-history":[{"count":6,"href":"https:\/\/nuevadollhouse.shop\/index.php\/wp-json\/wp\/v2\/pages\/203\/revisions"}],"predecessor-version":[{"id":1077,"href":"https:\/\/nuevadollhouse.shop\/index.php\/wp-json\/wp\/v2\/pages\/203\/revisions\/1077"}],"wp:attachment":[{"href":"https:\/\/nuevadollhouse.shop\/index.php\/wp-json\/wp\/v2\/media?parent=203"}],"curies":[{"name":"wp","href":"https:\/\/api.w.org\/{rel}","templated":true}]}}